- 1115. What is d(-22)?
7
Let r(i) = -27*i + 360. Determine r(11).
63
Let r(c) = c**2 - 16*c - 2714. Calculate r(61).
31
Let b(w) = -2*w**2 - 55*w + 142. What is b(-30)?
-8
Let z(b) = 22*b - 407. Determine z(20).
33
Let s(p) = -p**2 + 62*p - 291. Determine s(5).
-6
Let n(l) = -l**2 + 21*l - 70. Give n(20).
-50
Let o(w) = 96*w - 83. Determine o(1).
13
Let c(k) = -15*k**2 + 9*k - 32. Give c(5).
-362
Let w(p) = -45*p - 1111. What is w(-25)?
14
Let f(c) = c**3 - 57*c**2 + 262*c - 92. Determine f(52).
12
Let v(a) = 21*a**2 - 28*a + 85. Calculate v(4).
309
Let y(a) = -a**2 - 514*a - 24431. Give y(-53).
2
Let a(x) = -x**3 - 88*x**2 + 661*x - 24. What is a(7)?
-52
Let g(a) = -529*a + 542. Calculate g(1).
13
Let b(c) = 25*c + 939. What is b(-23)?
364
Let j(z) = z**3 - 7*z**2 - 196*z - 41. Determine j(18).
-5
Let u(a) = 73*a + 132. Calculate u(-2).
-14
Let v(u) = u**3 + u**2 - 26*u + 95. Calculate v(4).
71
Let q(f) = -1269*f + 13959. Give q(11).
0
Let a(w) = 113*w + 2602. Determine a(-21).
229
Let z(r) = -r**2 - 26*r - 40. What is z(-24)?
8
Let n(m) = m**3 + 71*m**2 - 79*m - 457. Give n(-72).
47
Let v(q) = -q**3 + 14*q**2 - 9*q - 19. What is v(13)?
33
Let a(b) = 1138*b - 2290. Calculate a(2).
-14
Let n(v) = -v**3 + 19*v**2 + 39*v + 28. Calculate n(21).
-35
Let d(f) = 13*f**2 + 4*f - 9. Give d(-1).
0
Let l(b) = 4009*b + 4022. Give l(-1).
13
Let k(g) = 2*g**3 - 971*g**2 - 2434*g - 2924. Calculate k(488).
4
Let k(l) = l**2 - 5*l + 33. Give k(7).
47
Let x(u) = -14*u**2 + 96*u + 22. Determine x(11).
-616
Let m(w) = -4*w**3 - 54*w**2 + 322*w + 4112. Calculate m(-14).
-4
Let u(w) = 70*w - 575. Determine u(12).
265
Let w(g) = -60*g + 373. What is w(7)?
-47
Let w(o) = 2*o**3 - 21*o + 5. Determine w(-5).
-140
Let z(a) = -2*a**2 + 9*a + 47. Give z(9).
-34
Let r(x) = 2*x**3 + 20*x**2 + 12*x + 21. Give r(-8).
181
Let g(x) = x**3 - 26*x**2 - 46*x + 1778. Give g(25).
3
Let y(h) = 13*h**3 - 22*h**2 + 45*h + 69. Determine y(-1).
-11
Let f(m) = -m**3 + 50*m**2 + 48*m + 227. Calculate f(51).
74
Let x(t) = 6*t**2 - 537*t - 1613. Calculate x(-3).
52
Let u(x) = x**3 - 2*x + 6. Give u(5).
121
Let t(a) = 28*a + 7930. Determine t(-283).
6
Let f(d) = 10*d**2 - 1442*d - 1150. Determine f(145).
10
Let j(m) = 11*m + 44. Give j(0).
44
Let r(f) = 66*f**2 - 131*f - 18. Give r(2).
-16
Let h(v) = -3*v - 33. Calculate h(-10).
-3
Let g(f) = -f**3 + 3*f**2 + 25*f - 54. Give g(5).
21
Let c(j) = -2*j**3 + 291*j**2 - 153*j + 1173. What is c(145)?
13
Let k(z) = -2*z**2 + 5*z + 132. Calculate k(10).
-18
Let x(u) = -u**2 + 45*u - 614. Give x(23).
-108
Let y(k) = -4*k**2 - 638*k - 6811. Calculate y(-148).
-3
Let q(r) = r**2 - 55*r + 795. What is q(32)?
59
Let k(h) = -7*h + 90. What is k(8)?
34
Let i(v) = v**3 - 11*v**2 - 85*v + 950. Calculate i(11).
15
Let t(x) = -3*x**3 + 34*x**2 + 543*x - 55. Determine t(-9).
-1
Let m(h) = -h**3 - 11*h**2 - h + 70. What is m(-10)?
-20
Let w(q) = q**2 - 139*q + 4270. Determine w(93).
-8
Let s(k) = -k**3 + 24*k**2 + 2*k + 84. Determine s(24).
132
Let s(l) = 4*l**3 - 7*l**2 + 22*l. Calculate s(5).
435
Let l(y) = y**2 - 145*y + 5212. Determine l(66).
-2
Let y(w) = 2*w**3 - 44*w**2 + 13*w - 122. Give y(22).
164
Let k(y) = -22*y - 412. What is k(-18)?
-16
Let q(l) = 3*l - 81. What is q(23)?
-12
Let x(r) = -r**3 + 26*r**2 + 3*r - 54. Give x(26).
24
Let o(f) = -110*f**3 + 3*f**2 - 5*f + 1. Give o(1).
-111
Let g(s) = -s**3 - 35*s**2 + 35*s - 25. Determine g(-36).
11
Let l(i) = 3*i**2 - 77*i + 34. Calculate l(25).
-16
Let q(b) = -b**2 + 11*b + 888. What is q(36)?
-12
Let j(g) = -g**2 - 54*g + 186. Calculate j(-59).
-109
Let t(q) = 3*q**2 + 10*q - 72. Determine t(5).
53
Let a(s) = -5*s**2 - 103*s - 308. Calculate a(-17).
-2
Let p(k) = 3*k**3 + 28*k**2 - 18*k - 83. Determine p(-10).
-103
Let a(l) = -4*l**2 + 58*l - 336. Calculate a(11).
-182
Let v(k) = -28*k + 1999. Determine v(70).
39
Let p(d) = -8*d**2 - 17*d + 68. Determine p(3).
-55
Let j(m) = 20*m**2 + 26*m - 17. Calculate j(4).
407
Let d(w) = -2*w**2 - 793*w - 12148. What is d(-16)?
28
Let c(d) = d**2 + 61*d + 350. Calculate c(-56).
70
Let v(y) = -y**3 - 37*y**2 - 6*y - 223. Calculate v(-37).
-1
Let a(t) = 5*t - 39. Determine a(8).
1
Let q(o) = -o**3 + 5*o**2 + 14*o - 2. Calculate q(5).
68
Let u(w) = w**2 + 101*w + 830. Determine u(-9).
2
Let t(g) = g**3 - 14*g**2 + 4*g - 148. Calculate t(13).
-265
Let w(k) = k**2 + 23*k - 176. What is w(-30)?
34
Let h(c) = -c**3 + 104*c**2 + 779*c - 217. Give h(111).
5
Let h(q) = -2*q**3 - 22*q**2 - 21*q - 27. What is h(-10)?
-17
Let y(c) = 5*c**2 - c - 312. Give y(8).
0
Let l(u) = u**2 + 131*u + 265. Calculate l(-2).
7
Let t(i) = -5*i**3 - 255*i**2 - 5*i - 248. Calculate t(-51).
7
Let l(u) = -1694*u - 1679. Give l(-1).
15
Let c(z) = -1555*z + 6221. What is c(4)?
1
Let u(g) = 94*g - 5777. What is u(61)?
-43
Let b(t) = -5*t**3 + 76*t**2 + 75*t - 1344. Calculate b(15).
6
Let t(w) = 64*w - 118. What is t(6)?
266
Let o(g) = 28*g + 68. Calculate o(-1).
40
Let n(h) = -18*h**2 - 117*h + 1. What is n(-7)?
-62
Let l(u) = u**2 - 262*u + 17061. Give l(121).
0
Let t(v) = -6*v**2 - 18*v - 81. Calculate t(-4).
-105
Let w(h) = h**2 - 358*h - 41. What is w(0)?
-41
Let b(h) = -612*h**2 + 12*h + 9. Determine b(-1).
-615
Let r(b) = 2*b**2 - 5*b - 72. Determine r(16).
360
Let h(z) = -z - 21. What is h(11)?
-32
Let t(c) = 26*c + 714. What is t(-23)?
116
Let c(o) = 11*o**3 - 13*o**2 + 10*o + 4. Determine c(2).
60
Let b(s) = 2*s**2 + 683*s + 11030. What is b(-17)?
-3
Let a(t) = -2*t**2 + 213*t - 4836. Calculate a(35).
169
Let m(v) = 4*v**2 - 1249*v + 31065. Calculate m(285).
0
Let l(x) = -2*x**3 - 10*x**2 + 14*x + 30. Determine l(-6).
18
Let z(a) = -226*a**2 - 10*a - 1. Calculate z(-1).
-217
Let z(v) = -v**3 + v + 7. Give z(4).
-53
Let x(r) = -r**3 + 8*r**2 + 33*r - 255. What is x(8)?
9
Let m(r) = 21*r**2 + 22*r + 37. Determine m(-4).
285
Let i(t) = 1315*t - 6410. Determine i(5).
165
Let o(i) = -i**3 - 10*i**2 - 9*i - 9. Calculate o(-10).
81
Let h(y) = -33*y + 2491. Give h(70).
181
Let z(i) = i**2 - 4*i + 33. Calculate z(-7).
110
Let w(b) = -b**3 + 25*b**2 + 30*b - 105. Give w(26).
-1
Let v(k) = 5*k**3 - 4*k**2 - 12*k - 34. Calculate v(-4).
-370
Let z(h) = -49*h - 5. Calculate z(-12).
583
Let w(i) = -4*i**3 + 35*i**2 - 28*i + 8. Give w(8).
-24
Let m(g) = 1211*g + 4825. What is m(-4)?
-19
Let s(l) = 7*l - 413. Calculate s(62).
21
Let c(g) = -2*g**2 + 25*g + 219. Determine c(17).
66
Let d(m) = 276*m - 1927. What is d(7)?
5
Let j(h) = -h**2 - 50*h + 233. Determine j(4).
17
Let y(r) = r**3 + 22*r**2 + 2*r - 239. Give y(-22).
-283
Let r(t) = -306*t + 197. Give r(0).
197
Let j(v) = 7*v + 14. Give j(4).
42
Let m(z) = z**2 - 1375*z - 9678. What is m(-7)?
-4
Let h(r) = -13*r**2 - 289*r - 55. Determine h(-22).
11
Let a(g) = 7*g + 128. What is a(-39)?
-145
Let l(k) = -3*k**2 + 2*k + 1379. Determine l(-21).
14
Let u(f) = f**3 - 694*f**2 + 2759*f + 11. What is u(4)?
7
Let u(l) = -l**3 + 7*l**2 - 14*l + 167. Give u(8).
-9
Let a(u) = -2*u**2 - 195*u - 1109. What is a(-6)?
-11
Let o(k) = -k**3 + 11*k**2 + 43*k + 659. What is o(16)?
67
Let b(g) = -g**2 - 7*g - 16. What is b(12)?
-244
Let x(v) = -34*v + 837. Calculate x(25).
-13
Let f(g) = -39*g - 778. Determine f(-13).
-271
Let y(a) = -8*a**2 + 103*a + 27. Determine y(12).
111
Let b(u) = u**2 + 113*u + 940. Calculate b(-9).
4
Let b(p) = p**2 + 102*p - 510. Calculate b(5).
25
Let c(j) = -3*j**3 + 158*j**2 + 1462*j + 36. Determine c(-8).
-12
Let v(k) = 1051*k + 3493. Determine v(-3).
340
Let v(f) = -f**3 + 51*f**2 - 519*f + 44. Calculate v(37).
7
Let m(z) = -z**3 - 6*z**2 - 4*z - 13. Determine m(-5).
-18
Let o(b) = -b**3 + 48*b**2 - 213*b - 171. Calculate o(43).
-85
Let r(z) = 3*z**3 + 58*z**2 - 108*z - 57. Give r(-21).
6
Let z(w) = -18*w - 85. What is z(-2)?
-49
Let j(v) = 50*v - 183. What is j(6)?
117
Let f(u) = 131*u**2 - 1964*u - 10. Determine f(15).
5
Let z(j) = 26*j + 25. Determine z(0).
25
Let k(b) = -b**3 + 24*b**2 - 89*b + 21. What is k(20)?
-159
Let l(d) = -d**2 - 27*d + 897. Give l(14).
323
Let l(z) = z**3 - 67*z**2 + 714*z - 640. What is l(54)?
8
Let h(c) = c**3 + 26*c**2 + 158*c - 14. Give h(-10).
6
Let m(h) = h**3 + 27*h**2 + 63*h - 218. Calculate m(-24).
-2
Let p(h) = -4*h**3 - 39*h**2 + 26*h + 79. What is p(-10)?
-81
Let b(v) = 16*v - 44. What is b(12)?